60 and 220.
20
What is the greatest common factor of 102 and 136?
34
What is the greatest common divisor of 30 and 30?
30
What is the greatest common divisor of 172 and 645?
43
Calculate the greatest common divisor of 87 and 203.
29
Calculate the highest common divisor of 225 and 25.
25
What is the greatest common factor of 70 and 49?
7
Calculate the highest common divisor of 88 and 4.
4
What is the highest common factor of 90 and 10?
10
What is the highest common divisor of 801 and 9?
9
What is the greatest common factor of 395 and 5?
5
Calculate the highest common factor of 50425 and 25.
25
What is the greatest common factor of 265 and 106?
53
Calculate the greatest common factor of 171 and 475.
19
What is the greatest common factor of 36 and 108?
36
Calculate the greatest common factor of 830 and 40.
10
What is the greatest common factor of 31 and 19437?
31
Calculate the highest common factor of 861 and 7.
7
Calculate the greatest common factor of 178 and 2.
2
Calculate the highest common divisor of 187 and 102.
17
What is the highest common factor of 112 and 256?
16
Calculate the highest common factor of 9 and 945.
9
Calculate the greatest common factor of 192 and 744.
24
Calculate the highest common factor of 834 and 6.
6
Calculate the highest common factor of 2097 and 18.
9
What is the greatest common divisor of 89 and 3649?
89
What is the greatest common divisor of 32 and 400?
16
Calculate the highest common divisor of 10 and 30.
10
Calculate the greatest common divisor of 329 and 7.
7
Calculate the greatest common factor of 3125 and 25.
25
What is the highest common factor of 4 and 43?
1
What is the highest common factor of 688 and 903?
43
Calculate the greatest common factor of 30 and 4570.
10
Calculate the greatest common divisor of 140 and 94220.
140
What is the greatest common factor of 20429 and 62?
31
What is the greatest common divisor of 18 and 11754?
18
Calculate the greatest common factor of 3500 and 84.
28
Calculate the greatest common divisor of 387 and 171.
9
Calculate the highest common divisor of 9 and 333.
9
What is the highest common divisor of 700 and 200?
100
What is the greatest common divisor of 155 and 62?
31
What is the greatest common divisor of 1356 and 12?
12
Calculate the greatest common factor of 84 and 63.
21
What is the highest common factor of 12177 and 9?
9
Calculate the highest common divisor of 3 and 7779.
3
Calculate the greatest common factor of 768 and 416.
32
Calculate the highest common factor of 4140 and 3864.
276
What is the highest common divisor of 573 and 6?
3
What is the highest common divisor of 12 and 10314?
6
What is the highest common factor of 297 and 477?
9
What is the greatest common factor of 144 and 450?
18
Calculate the highest common divisor of 87 and 609.
87
Calculate the highest common factor of 1420 and 60.
20
Calculate the greatest common factor of 3794 and 28.
14
Calculate the highest common divisor of 100 and 125.
25
What is the highest common divisor of 2375 and 19?
19
Calculate the greatest common divisor of 51 and 7939.
17
What is the greatest common divisor of 135 and 60?
15
What is the greatest common divisor of 18 and 153?
9
Calculate the greatest common divisor of 31 and 3875.
31
Calculate the greatest common factor of 1325 and 1643.
53
Calculate the greatest common divisor of 238 and 153.
17
Calculate the greatest common divisor of 18 and 603.
9
What is the greatest common divisor of 1602 and 10?
2
Calculate the greatest common factor of 24 and 696.
24
Calculate the greatest common divisor of 1469 and 2147.
113
Calculate the greatest common divisor of 375 and 100.
25
What is the highest common divisor of 6 and 150?
6
Calculate the highest common divisor of 55 and 8888.
11
Calculate the greatest common divisor of 15 and 10.
5
What is the greatest common divisor of 1 and 8?
1
Calculate the greatest common divisor of 1015 and 3915.
145
Calculate the greatest common factor of 130 and 1885.
65
What is the greatest common divisor of 189 and 609?
21
Calculate the highest common factor of 414 and 1.
1
What is the greatest common divisor of 108 and 3360?
12
Calculate the greatest common factor of 1850 and 666.
74
What is the highest common divisor of 7085 and 65?
65
What is the highest common divisor of 32 and 2872?
8
Calculate the greatest common factor of 722 and 152.
38
Calculate the highest common divisor of 1552 and 1.
1
What is the highest common factor of 16 and 64?
16
Calculate the greatest common divisor of 3402 and 126.
126
Calculate the highest common factor of 216 and 1026.
54
Calculate the greatest common factor of 85 and 14909.
17
What is the greatest common divisor of 81 and 603?
9
What is the greatest common factor of 112 and 13538?
14
What is the highest common factor of 22 and 1474?
22
What is the greatest common factor of 5759 and 130?
13
Calculate the greatest common divisor of 703 and 1147.
37
Calculate the highest common factor of 342 and 486.
18
What is the greatest common divisor of 44 and 4?
4
Calculate the highest common divisor of 105 and 231.
21
Calculate the greatest common divisor of 10 and 614.
2
Calculate the highest common divisor of 22 and 187.
11
Calculate the greatest common divisor of 13 and 351.
13
Calculate the greatest common factor of 1074 and 12.
6
Calculate the highest common factor of 441 and 9.
9
What is the greatest common factor of 816 and 510?
102
Calculate the greatest common factor of 91 and 169.
13
Calculate the greatest common divisor of 231 and 99.
33
Calculate the greatest common factor of 248 and 806.
62
Calculate the highest common factor of 190 and 30.
10
What is the greatest common divisor of 243 and 3?
3
What is the greatest common divisor of 24 and 354?
6
Calculate the highest common divisor of 38 and 5491.
19
What is the highest common factor of 14 and 623?
7
What is the highest common factor of 285 and 54?
3
What is the greatest common divisor of 17360 and 40?
40
Calculate the greatest common factor of 1023 and 264.
33
What is the greatest common divisor of 160 and 360?
40
What is the highest common factor of 2 and 726?
2
What is the highest common divisor of 48203 and 86?
43
Calculate the highest common divisor of 12 and 2844.
12
Calculate the highest common factor of 329 and 47.
47
What is the highest common divisor of 876 and 4?
4
Calculate the highest common factor of 91 and 28.
7
What is the highest common divisor of 57 and 38?
19
Calculate the highest common divisor of 45 and 495.
45
Calculate the highest common factor of 91 and 14.
7
What is the greatest common divisor of 1220 and 40?
20
What is the greatest common divisor of 18 and 4014?
18
What is the greatest common factor of 28 and 12047?
7
Calculate the greatest common factor of 120 and 18.
6
Calculate the greatest common factor of 30 and 5874.
6
What is the greatest common divisor of 3619 and 539?
77
What is the highest common divisor of 2345 and 70?
35
What is the highest common divisor of 703 and 95?
19
What is the highest common factor of 66 and 12738?
66
Calculate the greatest common divisor of 63 and 14.
7
What is the highest common factor of 6 and 972?
6
What is the highest common divisor of 18304 and 286?
286
What is the highest common factor of 76 and 6023?
19
What is the highest common divisor of 2461 and 23?
23
What is the highest common divisor of 3680 and 180?
20
What is the greatest common divisor of 60 and 570?
30
What is the greatest common factor of 1408 and 22?
22
Calculate the highest common divisor of 1096 and 137.
137
What is the greatest common divisor of 48 and 3?
3
What is the greatest common divisor of 170 and 40?
10
Calculate the highest common divisor of 110 and 10648.
22
What is the greatest common factor of 2335 and 5?
5
Calculate the highest common factor of 1403 and 207.
23
What is the greatest common divisor of 1104 and 8?
8
Calculate the greatest common factor of 210 and 56.
14
What is the highest common divisor of 11 and 129789?
11
Calculate the highest common divisor of 41 and 328.
41
Calculate the greatest common divisor of 7 and 959.
7
Calculate the highest common factor of 18 and 846.
18
What is the highest common factor of 16 and 4?
4
Calculate the greatest common divisor of 70 and 1250.
10
Calculate the highe